e prime factors of 2438?
2, 23, 53
What are the prime factors of 10714?
2, 11, 487
What are the prime factors of 803?
11, 73
What are the prime factors of 54874?
2, 27437
What are the prime factors of 5913?
3, 73
What are the prime factors of 4801?
4801
List the prime factors of 2808.
2, 3, 13
What are the prime factors of 143650?
2, 5, 13, 17
List the prime factors of 224.
2, 7
What are the prime factors of 1112?
2, 139
List the prime factors of 1536.
2, 3
What are the prime factors of 1725?
3, 5, 23
What are the prime factors of 68695?
5, 11, 1249
What are the prime factors of 2287?
2287
What are the prime factors of 22886?
2, 11443
What are the prime factors of 5489?
11, 499
What are the prime factors of 192?
2, 3
What are the prime factors of 24074?
2, 12037
What are the prime factors of 28472?
2, 3559
What are the prime factors of 810?
2, 3, 5
What are the prime factors of 29196?
2, 3, 811
List the prime factors of 38440.
2, 5, 31
What are the prime factors of 18294?
2, 3, 3049
List the prime factors of 1815.
3, 5, 11
What are the prime factors of 4869?
3, 541
What are the prime factors of 44869?
11, 4079
List the prime factors of 17228.
2, 59, 73
What are the prime factors of 864?
2, 3
What are the prime factors of 14989?
13, 1153
What are the prime factors of 1217?
1217
What are the prime factors of 3372?
2, 3, 281
What are the prime factors of 602?
2, 7, 43
What are the prime factors of 8180?
2, 5, 409
List the prime factors of 1586.
2, 13, 61
What are the prime factors of 66?
2, 3, 11
List the prime factors of 178144.
2, 19, 293
List the prime factors of 835.
5, 167
List the prime factors of 76752.
2, 3, 13, 41
What are the prime factors of 22228?
2, 5557
List the prime factors of 1845.
3, 5, 41
What are the prime factors of 1435?
5, 7, 41
List the prime factors of 1737.
3, 193
List the prime factors of 738.
2, 3, 41
List the prime factors of 252.
2, 3, 7
What are the prime factors of 1014?
2, 3, 13
List the prime factors of 17147.
13, 1319
List the prime factors of 558.
2, 3, 31
What are the prime factors of 3785?
5, 757
List the prime factors of 3013.
23, 131
What are the prime factors of 25093?
23, 1091
List the prime factors of 683.
683
What are the prime factors of 5437?
5437
List the prime factors of 4343.
43, 101
What are the prime factors of 48186?
2, 3, 2677
List the prime factors of 509.
509
What are the prime factors of 10076?
2, 11, 229
What are the prime factors of 3797?
3797
List the prime factors of 1177.
11, 107
List the prime factors of 1411.
17, 83
List the prime factors of 542.
2, 271
List the prime factors of 790.
2, 5, 79
What are the prime factors of 43390?
2, 5, 4339
List the prime factors of 8494.
2, 31, 137
What are the prime factors of 18889?
13, 1453
What are the prime factors of 10692?
2, 3, 11
What are the prime factors of 7054?
2, 3527
What are the prime factors of 2165?
5, 433
What are the prime factors of 4913?
17
What are the prime factors of 104576?
2, 19, 43
What are the prime factors of 432?
2, 3
List the prime factors of 2173.
41, 53
What are the prime factors of 26030?
2, 5, 19, 137
List the prime factors of 10522.
2, 5261
List the prime factors of 147023.
233, 631
List the prime factors of 78118.
2, 139, 281
List the prime factors of 390.
2, 3, 5, 13
What are the prime factors of 12155?
5, 11, 13, 17
What are the prime factors of 442?
2, 13, 17
What are the prime factors of 8467?
8467
List the prime factors of 38555.
5, 11, 701
List the prime factors of 68115.
3, 5, 19, 239
List the prime factors of 1032.
2, 3, 43
List the prime factors of 192.
2, 3
What are the prime factors of 4445?
5, 7, 127
What are the prime factors of 1398?
2, 3, 233
What are the prime factors of 933?
3, 311
List the prime factors of 140422.
2, 61, 1151
List the prime factors of 9439.
9439
What are the prime factors of 1504?
2, 47
What are the prime factors of 3114?
2, 3, 173
What are the prime factors of 3214?
2, 1607
What are the prime factors of 141?
3, 47
What are the prime factors of 6641?
29, 229
List the prime factors of 6438.
2, 3, 29, 37
What are the prime factors of 19848?
2, 3, 827
List the prime factors of 313.
313
What are the prime factors of 2371?
2371
List the prime factors of 33910.
2, 5, 3391
What are the prime factors of 5963?
67, 89
What are the prime factors of 5915?
5, 7, 13
What are the prime factors of 812?
2, 7, 29
List the prime factors of 155197.
7, 22171
What are the prime factors of 14926?
2, 17, 439
What are the prime factors of 1829?
31, 59
List the prime factors of 8252.
2, 2063
What are the prime factors of 2778?
2, 3, 463
List the prime factors of 2262.
2, 3, 13, 29
What are the prime factors of 101881?
13, 17, 461
What are the prime factors of 10029?
3, 3343
What are the prime factors of 29187?
3, 23, 47
List the prime factors of 6710.
2, 5, 11, 61
What are the prime factors of 4413?
3, 1471
List the prime factors of 16006.
2, 53, 151
What are the prime factors of 36963?
3, 37
List the prime factors of 2652.
2, 3, 13, 17
What are the prime factors of 75886?
2, 19, 1997
List the prime factors of 1718.
2, 859
List the prime factors of 124051.
19, 6529
What are the prime factors of 77518?
2, 7, 113
What are the prime factors of 1011?
3, 337
List the prime factors of 8173.
11, 743
List the prime factors of 1962.
2, 3, 109
List the prime factors of 1941.
3, 647
List the prime factors of 181.
181
List the prime factors of 122042.
2, 139, 439
List the prime factors of 2063.
2063
List the prime factors of 200.
2, 5
List the prime factors of 13711.
13711
What are the prime factors of 103887?
3, 7, 17, 97
What are the prime factors of 21171?
3, 7057
What are the prime factors of 1571?
1571
List the prime factors of 41869.
149, 281
List the prime factors of 150099.
3, 50033
What are the prime factors of 84934?
2, 42467
What are the prime factors of 2654?
2, 1327
List the prime factors of 4229.
4229
What are the prime factors of 4728?
2, 3, 197
List the prime factors of 134456.
2, 7
What are the prime factors of 8312?
2, 1039
List the prime factors of 99480.
2, 3, 5, 829
What are the prime factors of 36931?
36931
List the prime factors of 971.
971
List the prime factors of 66564.
2, 3, 43
What are the prime factors of 1259?
1259
List the prime factors of 1108.
2, 277
What are the prime factors of 29887?
11, 13, 19
What are the prime factors of 476?
2, 7, 17
List the prime factors of 143161.
239, 599
List the prime factors of 2302.
2, 1151
What are the prime factors of 5319?
3, 197
What are the prime factors of 599?
599
What are the prime factors of 3295?
5, 659
What are the prime factors of 2733?
3, 911
What are the prime factors of 39343?
39343
What are the prime factors of 2864?
2, 179
What are the prime factors of 650?
2, 5, 13
List the prime factors of 172402.
2, 86201
List the prime factors of 698.
2, 349
List the prime factors of 14665.
5, 7, 419
List the prime factors of 177.
3, 59
List the prime factors of 18585.
3, 5, 7, 59
List the prime factors of 109364.
2, 19, 1439
What are the prime factors of 53?
53
List the prime factors of 847.
7, 11
What are the prime factors of 1529?
11, 139
What are the prime factors of 63213?
3, 19, 1109
List the prime factors of 16009.
7, 2287
List the prime factors of 317.
317
What are the prime factors of 23944?
2, 41, 73
List the prime factors of 2021.
43, 47
What are the prime factors of 9?
3
What are the prime factors of 227?
227
List the prime factors of 667.
23, 29
What are the prime factors of 2375?
5, 19
List the prime factors of 10833.
3, 23, 157
What are the prime factors of 135190?
2, 5, 11, 1229
What are the prime factors of 11733?
3, 3911
List the prime factors of 17127.
3, 11, 173
What are the prime factors of 159446?
2, 7, 1627
What are the prime factors of 886?
2, 443
List the prime factors of 166518.
2, 3, 11, 29
What are the prime factors of 41280?
2, 3, 5, 43
What are the prime factors of 8207?
29, 283
List the prime factors of 7237.
7237
List the prime factors of 2258.
2, 1129
List the prime factors of 25612.
2, 19, 337
What are the prime factors of 151461?
3, 16829
What are the prime factors of 1128?
2, 3, 47
List the prime factors of 126628.
2, 31657
What are the prime factors of 21274?
2, 11, 967
List the prime factors of 72821.
7, 10